15*d + 17*d. Suppose -2*v = -2*c - 3 - 1, d = v + 2*c. Suppose -v*s + 6 + 23 = 2*k, 23 = 2*k + s. What is the greatest common divisor of k and 10?
10
Let y = 38 - 38. Suppose y*s - 6*s + 600 = 0. Let c = 33 - 13. Calculate the highest common divisor of s and c.
20
Suppose 3*y + 31 = 3*b + 8*y, 0 = -2*b + 3*y + 27. Let u = 103 + -100. Calculate the greatest common factor of u and b.
3
Suppose 1403*k - 2607 = 1324*k. Let x(v) = v**3 + 5*v**2 + v - 5. Let d be x(-4). Let j = 29 - d. What is the highest common divisor of k and j?
11
Let b(s) = 6*s + 17. Let x be b(-6). Let h = x + 32. Suppose 4*w = -h + 21. What is the highest common factor of w and 1?
1
Suppose -s + 24*s = 161. Let d = 129 + -87. Calculate the highest common divisor of s and d.
7
Let d be (-1)/3 + 343/3. Suppose -2*b = 5*t - 40, -16 = -4*t - 4*b + 28. Calculate the highest common factor of t and d.
6
Let u = 148 - 134. What is the greatest common divisor of u and 182?
14
Suppose 2*q = 164 - 138. What is the greatest common factor of q and 1053?
13
Let u(l) = -l**2 - 10*l - 24. Let c be u(-7). Let v be -7 + -1 - c - -9. What is the highest common divisor of v and 52?
4
Suppose 0 = j - 5 - 0. Suppose 0 = j*b - 3*b - 6. Suppose 0 = -6*z + 135 + 63. What is the greatest common divisor of b and z?
3
Suppose -14*f + 89*f - 10464 = -143*f. Let i = -1 - -1. Suppose 0 = 3*r + 2*r, i = -3*j - r + 96. What is the highest common divisor of j and f?
16
Let l(u) = -u**3 + 2*u**2 + 11*u - 12. Let m be l(7). Let y be (-1)/((-15)/24*-4)*m. What is the highest common divisor of y and 8?
8
Suppose -5*b + 20 = 0, -2*d = -b - 10 - 12. Let j = 2 - 1. Calculate the greatest common divisor of j and d.
1
Let i = 176 - 147. Let n = 339 - 194. What is the greatest common factor of n and i?
29
Let w = -8 + 13. Suppose 0 = -4*t - t + w. Calculate the greatest common divisor of 9 and t.
1
Suppose 0*d = 2*d - 18. Let s(v) = 2*v**2 + 22*v + 99. Let h be s(-11). Calculate the highest common factor of d and h.
9
Suppose -20*v + 900 = 480. What is the highest common divisor of 567 and v?
21
Suppose 3*m - x - 7 = -0, -m + 7 = 2*x. Suppose -2*k - m*a - 2*a + 347 = 0, 3*k - 516 = -3*a. What is the greatest common divisor of k and 19?
19
Suppose 0 = 5*u - 48 - 32. Suppose 7*r - 10 = 6*r. Let j = 26 - r. What is the highest common factor of j and u?
16
Suppose 3*g = -3*s + 29 - 122, 5*g + 185 = s. Let d = g + 46. Let x(m) = 3*m**2 + 2*m + 5. Let q be x(-5). What is the highest common factor of d and q?
10
Suppose 3*i = 5*i - 40. Let k(m) = m**3 + 4*m**2 - 8*m - 12. Let p be k(-5). Let t be (40/(-12))/((-1)/p). What is the highest common factor of i and t?
10
Suppose 400 + 3608 = 12*o. What is the highest common factor of o and 167?
167
Let s(f) = 15*f**2 - 14*f + 69. Let y be s(4). Calculate the greatest common factor of y and 33.
11
Let r(k) = -5*k**2 - 71*k - 54. Let v be r(-13). Calculate the highest common divisor of 114 and v.
6
Let w(f) = f**2 + f + 1. Let h be w(-1). Let k be ((-4)/(-8))/(h/(-12)). Let y be (12/10)/(k/(-45)). Calculate the greatest common divisor of 72 and y.
9
Let z = 67 - 46. Let f = -255 + 360. Calculate the highest common divisor of f and z.
21
Let m = -197 - -530. Calculate the highest common divisor of m and 18.
9
Let h be 162/(-24)*2*-94. Calculate the greatest common divisor of 54 and h.
27
Suppose 4*h + 0 - 32 = 4*f, -16 = -2*h - f. Let b be (-6)/h + (-369)/(-12). Suppose 0 = 72*v - 333 - 747. Calculate the greatest common divisor of v and b.
15
Let y(g) = g + g + 0*g + 0*g - 30. Let l be y(16). What is the greatest common divisor of l and 1?
1
Let i = 2941 + -2241. What is the greatest common divisor of 112 and i?
28
Suppose -5*w - 3 + 23 = 0. Suppose w*q + v - 77 = 0, -3*v - 65 = -5*q + 10. Let u(i) = -44*i + 1. Let n be u(-1). What is the highest common factor of n and q?
9
Let i = -14225 + 14319. Let v be (-2)/6 - 426/(-9). Calculate the highest common factor of i and v.
47
Let p(j) = 2*j**2 + 4*j - 4. Let h be p(-6). Suppose m - 6 = 2. Let s = h - m. What is the greatest common factor of s and 9?
9
Suppose 3*s - 163 = w, 5*s = 2*w - 3*w + 261. What is the highest common divisor of 371 and s?
53
Suppose -3*b = -546 - 597. What is the greatest common divisor of 3 and b?
3
Suppose 0 = 3*z - 4*h - 1520, 5*h = -3*z + 648 + 908. What is the greatest common factor of z and 96?
32
Let q be 246/4*4/3. Suppose 50 + q = 3*i. Calculate the greatest common divisor of 22 and i.
22
Suppose -57*t = -65*t + 208. What is the greatest common factor of 78 and t?
26
Let x(t) be the third derivative of -t**5/60 - t**4/12 + 2*t**3/3 - 13*t**2 + 2. Let v be x(-3). Calculate the highest common divisor of v and 26.
1
Let w(j) = -222*j - 141. Let p be w(-5). Calculate the greatest common divisor of p and 171.
57
Let p(z) = -z**3 - 11*z**2 + 7. Let h be p(-11). Suppose -5*v = -2*d + 3*d - 116, -4*v = 2*d - 202. Calculate the greatest common factor of h and d.
7
Let z be 1170/75 - (-2)/5. Let j be (z - (-12)/3) + -2. What is the greatest common divisor of 6 and j?
6
Suppose -q + 242 = -374. Calculate the greatest common factor of 28 and q.
28
Suppose 0 = -2*k + k - 5. Let l = 15 + k. Suppose 0*u = u - 30. Calculate the highest common factor of u and l.
10
Suppose -2*u - n = -6, -2*n + 0*n - 12 = -4*u. What is the greatest common divisor of 13 and u?
1
Suppose -4*v + 0*r - 2*r + 8 = 0, v - 2*r = 7. Suppose 58 = t - v*y, -4*t - y + 128 = -91. Suppose 12 + 32 = 2*a. What is the highest common factor of t and a?
11
Suppose -23*g + 756 = -16*g. What is the greatest common factor of g and 60?
12
Suppose 8*l - 24 = -4*l. Let k(m) = 12*m**3 + 2*m**2 - 4*m + 2. Let f be k(l). Calculate the greatest common factor of f and 14.
14
Suppose y + 80 = 86. Suppose 54 = 6*w - y. What is the highest common divisor of w and 45?
5
Let w be 416/6 - (-2)/3. Let p be 32 + -1 + -2 - (-2 + 2). Suppose 0 = 2*h + 4*f - 23 - p, -3*h - 5*f + 79 = 0. What is the greatest common factor of w and h?
14
Let x = 442 + -378. Calculate the greatest common factor of x and 40.
8
Suppose 5*m - 170 = -2*p, 446 = 5*p + m + m. Let o(i) = i**2 - 3*i. Suppose 3*a - 1 = 14. Let g be o(a). What is the greatest common factor of g and p?
10
Let y = 31 - 27. Suppose -5*b + y*b = 2. Let n be ((-33)/b)/((-3)/(-8)). Calculate the greatest common divisor of 22 and n.
22
Let w be (3 - 44/12)*-27. Let j = -11 + w. Suppose j = v + 1. Calculate the greatest common factor of v and 48.
6
Suppose -3*q + o + 8 = 0, 9 = 2*o + 1. Let g be q/(-6) - 64/3. Let n be 33/g*(-52)/3. Calculate the greatest common divisor of n and 13.
13
Suppose -5 - 2 = m + 3*d, -4*m - 3*d = 46. Let s(t) = t**3 + 13*t**2 - t - 8. Let y be s(m). Calculate the greatest common divisor of y and 20.
5
Let o = -262 + 272. What is the greatest common divisor of o and 4?
2
Let s(k) = k**2 - k. Let y be s(2). Suppose y*j - j - 5 = 0. Suppose -j*p + 323 = 98. What is the highest common divisor of p and 5?
5
Let j(t) = -20*t - 61. Let r be j(-5). Calculate the greatest common factor of 3 and r.
3
Let w = 329 + -309. Calculate the greatest common divisor of 50 and w.
10
Suppose 16*r + 73 - 137 = 0. Let a be (-110)/(-3) + 4/(-6). Calculate the greatest common factor of a and r.
4
Suppose 1 = 2*n - 7. Suppose 3*u - 4 + 58 = 0. Let t be -12*3/(u/8). What is the highest common factor of n and t?
4
Suppose 3*g = 17 - 5. Suppose -79*q + 350 = -282. Calculate the highest common factor of g and q.
4
Let a = -1466 - -1505. Calculate the greatest common factor of 208 and a.
13
Suppose -2*s = -3*s. Suppose -5*j + 756 - 6 = s. Let k = 21 + j. Calculate the highest common divisor of k and 19.
19
Let j be 4/10 + (-16)/(-10). Suppose 40 = j*x + 26. What is the greatest common factor of 49 and x?
7
Let w = -70 - -120. Calculate the greatest common factor of 225 and w.
25
Let n(j) = j**3 - 2*j**2 - 3*j + 2. Let c be n(3). Let b = 11 - -54. Let h be (b/(-25) - -4) + (-12)/(-20). What is the greatest common divisor of h and c?
2
Suppose l = 2*l - 7. Suppose 9*m - 179 = 73. What is the highest common divisor of l and m?
7
Suppose 0 = -10*j + 5*j + 180. Let x(b) = 23*b - 25. Let u be x(5). What is the highest common factor of u and j?
18
Suppose -2*h = 3*l - 8*l - 812, -1176 = -3*h - 3*l. Calculate the greatest common factor 